is the highest common factor of 15 and g?
3
Let r be 1 - ((-6)/(-33) + 18780/44). Let g = r - -428. What is the highest common factor of 74 and g?
2
Let s = -157 - -339. Let g = s + -151. Calculate the greatest common factor of 496 and g.
31
Let t(z) = 12*z - 71. Let g be t(17). Suppose 0 = -5*k - 5*k + 190. What is the highest common divisor of g and k?
19
Let s = -37 - -31. Let m be s + -2 + (-18)/(-3). Let d be m/(-8) + 11/4. What is the greatest common divisor of d and 1?
1
Let g = -134 - -76. Let k = g - -62. Suppose f = -k*f + 210. Calculate the highest common divisor of f and 28.
14
Let t(o) = -94*o - 72. Let m be t(-3). Let u be 2*(8 - 9) + m. Calculate the greatest common divisor of u and 39.
13
Suppose 59*x + 21 = 56*x. Let d = 7 - x. Suppose 0 = -o + d + 1. What is the highest common factor of o and 165?
15
Let z(n) = -n + 9. Let u be z(5). Let s be u/(2 + (4/(-2) - -2)). Suppose 48 = 4*b - 3*l, s*l + 2 = -b + 25. Calculate the highest common divisor of 5 and b.
5
Let u = -433 + 619. Let z = u - 156. Calculate the highest common divisor of z and 330.
30
Suppose -22465*f = -22482*f + 17425. Calculate the greatest common factor of f and 1681.
41
Suppose 0 = 17*v - 13620 + 1992. Calculate the highest common divisor of 7011 and v.
171
Let p be (4 + (95 - -4))/1. Let k = p + -100. Let w(f) = f**3 - 6. Let v be w(k). Calculate the greatest common divisor of v and 84.
21
Suppose -5*r + 4*m + 302 = 0, -34*m - 134 = -2*r - 39*m. What is the highest common factor of 713 and r?
31
Suppose -9*z + 3*z + 1872 = 0. Suppose 11*l = -l + z. Let u = -23 + l. Calculate the greatest common divisor of u and 3.
3
Let k be (-1)/2*(-1 + 12)*-2. Let m be 70 - (k - 5) - 4. Calculate the greatest common divisor of m and 540.
60
Let j(o) = -o**3 + 12*o**2 - 11*o + 2. Let p be j(11). Suppose 7*k - p*k = i + 41, k - 1 = 2*i. Calculate the highest common factor of 243 and k.
9
Let u = 521 - 466. What is the highest common divisor of 583 and u?
11
Let i(q) = -551*q + 7746. Let b be i(14). Let k be 12/7 - (-4)/14. Suppose -s = -3*y - 79, 4*s = k*y + 266 - 0. What is the highest common divisor of s and b?
32
Suppose -34*m + 2887 = 1663. What is the highest common divisor of 99 and m?
9
Let y be ((-37)/74)/(3/(-4))*57. Suppose -y*k = -36*k - 188. Calculate the highest common divisor of 47 and k.
47
Suppose -4*b = x - 5, -15 = 5*b - b - 3*x. Suppose b = y + 37 - 91. Suppose 4*s = -142 + 286. What is the highest common divisor of y and s?
18
Suppose -x + 0*x + 56 = 0. Let w = -35826 + 35847. Calculate the highest common factor of x and w.
7
Let i = -4541 + 4591. What is the greatest common factor of 1825 and i?
25
Suppose 11665 = 46*l + 1695 - 1622. What is the highest common divisor of l and 588?
84
Let g(u) = u**2 + 10*u + 19. Let t be g(9). Suppose 0 = 4*z + 3*y - 155, -27 = -3*y - 24. What is the greatest common factor of t and z?
38
Suppose -5*b + 51 = 2*d - 34, b = 4*d - 115. Suppose -35*z + d*z = -2400. Calculate the greatest common divisor of 15 and z.
15
Suppose n + 3*s - 32 = 40, 0 = -3*n - 3*s + 192. Let a be 1845/n - 10/(-8). What is the greatest common factor of 24 and a?
8
Suppose 221 - 152 = 16*y - 731. Calculate the greatest common factor of y and 410.
10
Let x(u) = 23*u + 2185. Let n be x(38). Calculate the highest common divisor of 1197 and n.
133
Suppose -1758*a - 5220 = -1763*a. Calculate the greatest common factor of 1160 and a.
116
Let g(z) = 7*z**3 - 3*z**2 + 4*z + 1. Let l(u) = u**2 + 7*u + 3. Let x be l(-7). Let m be g(x). Calculate the greatest common divisor of 35 and m.
35
Suppose 0 = -10*t + 981 + 2019. Suppose 0 = l + 4*g - 136, 3*l - 4*g - 267 = 77. What is the greatest common factor of t and l?
60
Let v(o) = o**3 + 99*o**2 - 854*o + 342. Let y be v(-107). Calculate the greatest common divisor of 352 and y.
32
Suppose 352*z - 433*z + 67068 = 0. What is the greatest common factor of z and 636?
12
Suppose -i = -753*o + 758*o - 31287, -2*o - 2*i = -12510. What is the highest common factor of o and 42?
42
Let i(c) = c**3 + 32*c**2 + 147*c + 101. Let x be i(-20). Let q(j) = 37*j. Let w be q(1). What is the highest common factor of w and x?
37
Suppose -13*f + 12*f = -13*f. Suppose f = 16*d - 798 + 158. Calculate the highest common factor of 420 and d.
20
Suppose -15*i + 4767 - 15792 = 0. Let u = i - -899. What is the highest common factor of u and 246?
82
Suppose -137 = -5*s - 2*p, s + 158 = 7*s - 4*p. What is the highest common divisor of s and 819?
9
Let s = 78 - 74. Calculate the highest common divisor of 1224 and s.
4
Let g(v) be the second derivative of -v**4/3 - 8*v**3 - 39*v**2/2 + 45*v - 2. Let k be g(-6). Calculate the greatest common factor of 14 and k.
7
Let b = 2654 + -2060. What is the greatest common factor of 2574 and b?
198
Suppose -d = -10843 + 10469. Calculate the greatest common divisor of d and 306.
34
Let m = 20421 + -19847. What is the highest common factor of m and 196?
14
Let k(r) = -7*r**2 - 72*r - 13. Let g be k(-10). Let f = 110 - 103. What is the greatest common divisor of g and f?
7
Let r be -18 + 10 + 3 + 0 + 6025. Calculate the highest common factor of 140 and r.
140
Suppose 6*m + 597 = 609. Suppose 3*u - 1700 = 4*z, 0 = -u - m*z - z + 584. Calculate the highest common divisor of 22 and u.
22
Suppose -1042 = -7*j + 3*h, -j + 4*h + 127 = -4. Suppose 157*q - j*q = 360. Calculate the greatest common divisor of q and 160.
20
Let t = 227 + -195. Suppose -5*d + 8 = 2*y + 1, 27 = 5*d - 3*y. Let r = 5 + d. Calculate the highest common factor of t and r.
8
Suppose -2*y = 102 - 202. Calculate the highest common factor of y and 550.
50
Let j(u) = 5*u**2 - 1. Let m be j(-1). Let h be (-2)/m*-2 - -9. Let r be (-1936)/(-324) - 2832/(-114696). Calculate the highest common factor of h and r.
2
Suppose -8*x + 148 = 596. Let n be (-96)/x*105/10. What is the highest common factor of 30 and n?
6
Let c(s) = s**2 + 51*s + 776. Let y be c(-30). What is the highest common factor of 8906 and y?
146
Let p = -71 - -553. Let o = p - 462. What is the highest common factor of o and 150?
10
Let v be 18/6 + (1 - 1 - -17). Suppose 0 = -6*h + 44 - v. Calculate the greatest common factor of h and 46.
2
Let s be (((-3160)/(-15))/(-4))/((-1880)/375 + 5). Calculate the highest common factor of s and 10.
10
Let g(x) = -10*x**3 + 240*x**2 + 3*x - 68. Let l be g(24). What is the greatest common divisor of l and 73?
1
Suppose -717*x = -679*x - 3762. Let l(a) = a**2 + a - 3. Let z be l(-4). What is the greatest common divisor of z and x?
9
Suppose -15*q = -218 - 5482. Calculate the greatest common factor of q and 30.
10
Suppose -4*y + 6362*a = 6358*a - 2244, 5*a - 1115 = -2*y. Calculate the greatest common divisor of y and 272.
16
Suppose -57 = -29*u + 10*u. Suppose -3*w + 20 = 2. What is the highest common factor of w and u?
3
Suppose -3*h = -482 - 574. Suppose 272 = 16*o - 14*o. Suppose g = -3*q + o, 5*g - 240 = -0*q - 5*q. What is the greatest common factor of h and q?
44
Suppose 780 = -10*m + 14400. Let i be m/24 + 5/20. What is the highest common divisor of i and 76?
19
Let x be 4/20 + (-4668)/(-10) + -3. Calculate the highest common divisor of 174 and x.
58
Let d = -335 - -345. Calculate the highest common factor of d and 730.
10
Suppose 5*u = u + 128. Suppose 5*i + u = 2*i - 5*w, 2*w = -2*i - 16. Let s be ((-48)/36)/((i/126)/1). Calculate the highest common divisor of 21 and s.
21
Suppose v - 7*v = -18. Suppose i + 3*i = -4*l + 56, 4*l = 5*i - 52. Suppose -2*f + f = 4, -3*s - v*f + i = 0. What is the highest common factor of 2 and s?
2
Let b(h) = h**3 - h + 426. Let d be b(0). Suppose 4*n - d + 18 = 0. Calculate the highest common factor of n and 18.
6
Let d be 2 - (-20)/(-4) - (-705 - -2). Suppose 3*h + 4*h - d = 0. Calculate the greatest common factor of h and 8.
4
Let s(m) = 2*m**3 - 12*m**2 + 2. Let d be s(6). Suppose -968 = -6*g + d*g. Let a = 1608 - 1586. Calculate the greatest common divisor of a and g.
22
Let j = -5 - -131. Let l(u) be the second derivative of -u**3/3 - u**2/2 + 30*u. Let y be l(-11). What is the highest common divisor of y and j?
21
Suppose 4*h - 205 = -245. Let u be (-445)/15 + h/(-15). Let p be (-58)/u + (-1)/((-1)/27). What is the highest common divisor of p and 116?
29
Suppose k = -4*g + 94, 33*k - 10 = 38*k. Let c 